{"id":262,"date":"2025-11-21T16:33:13","date_gmt":"2025-11-21T21:33:13","guid":{"rendered":"https:\/\/www.institutofinneyymiller-lima.com\/?page_id=262"},"modified":"2025-11-21T16:43:18","modified_gmt":"2025-11-21T21:43:18","slug":"mision","status":"publish","type":"page","link":"https:\/\/www.institutofinneyymiller-lima.com\/index.php\/mision\/","title":{"rendered":"Misi\u00f3n"},"content":{"rendered":"\n<p>Somos una instituci\u00f3n formativa de profesionales t\u00e9cnicos altamente competentes, innovadores y comprometidos con la excelencia, capaces de responder a las demandas del entorno laboral mediante una educaci\u00f3n integral basada en valores, calidad acad\u00e9mica y desarrollo tecnol\u00f3gico, contribuyendo activamente al progreso econ\u00f3mico y social del pa\u00eds.<\/p>\n\n\n\n<figure class=\"wp-block-image aligncenter size-full\"><img loading=\"lazy\" decoding=\"async\" width=\"571\" height=\"366\" src=\"https:\/\/www.institutofinneyymiller-lima.com\/wp-content\/uploads\/2025\/11\/mision.jpg\" alt=\"\" class=\"wp-image-274\" srcset=\"https:\/\/www.institutofinneyymiller-lima.com\/wp-content\/uploads\/2025\/11\/mision.jpg 571w, https:\/\/www.institutofinneyymiller-lima.com\/wp-content\/uploads\/2025\/11\/mision-300x192.jpg 300w\" sizes=\"auto, (max-width: 571px) 100vw, 571px\" \/><\/figure>\n","protected":false},"excerpt":{"rendered":"<p>Somos una instituci\u00f3n formativa de profesionales t\u00e9cnicos altamente competentes, innovadores y comprometidos con la excelencia, capaces de responder a las demandas del entorno laboral mediante una educaci\u00f3n integral basada en valores, calidad acad\u00e9mica y desarrollo tecnol\u00f3gico, contribuyendo activamente al progreso econ\u00f3mico y social del pa\u00eds.<\/p>\n","protected":false},"author":1,"featured_media":0,"parent":0,"menu_order":0,"comment_status":"closed","ping_status":"closed","template":"","meta":{"footnotes":""},"class_list":["post-262","page","type-page","status-publish","hentry"],"_links":{"self":[{"href":"https:\/\/www.institutofinneyymiller-lima.com\/index.php\/wp-json\/wp\/v2\/pages\/262","targetHints":{"allow":["GET"]}}],"collection":[{"href":"https:\/\/www.institutofinneyymiller-lima.com\/index.php\/wp-json\/wp\/v2\/pages"}],"about":[{"href":"https:\/\/www.institutofinneyymiller-lima.com\/index.php\/wp-json\/wp\/v2\/types\/page"}],"author":[{"embeddable":true,"href":"https:\/\/www.institutofinneyymiller-lima.com\/index.php\/wp-json\/wp\/v2\/users\/1"}],"replies":[{"embeddable":true,"href":"https:\/\/www.institutofinneyymiller-lima.com\/index.php\/wp-json\/wp\/v2\/comments?post=262"}],"version-history":[{"count":4,"href":"https:\/\/www.institutofinneyymiller-lima.com\/index.php\/wp-json\/wp\/v2\/pages\/262\/revisions"}],"predecessor-version":[{"id":275,"href":"https:\/\/www.institutofinneyymiller-lima.com\/index.php\/wp-json\/wp\/v2\/pages\/262\/revisions\/275"}],"wp:attachment":[{"href":"https:\/\/www.institutofinneyymiller-lima.com\/index.php\/wp-json\/wp\/v2\/media?parent=262"}],"curies":[{"name":"wp","href":"https:\/\/api.w.org\/{rel}","templated":true}]}}